{"id":1456,"date":"2023-08-18T13:53:11","date_gmt":"2023-08-18T13:53:11","guid":{"rendered":"https:\/\/predimais.com.br\/?page_id=1456"},"modified":"2023-09-15T17:33:50","modified_gmt":"2023-09-15T17:33:50","slug":"seguranca-eletrica","status":"publish","type":"page","link":"https:\/\/predimais.com.br\/index.php\/seguranca-eletrica","title":{"rendered":"Seguran\u00e7a el\u00e9trica"},"content":{"rendered":"\n<p>Seguran\u00e7a el\u00e9trica \u00e9 tudo que nos garante que a energia el\u00e9trica, que \u00e9 um insumo t\u00e3o importante em nossas vidas, esteja sempre dispon\u00edvel; em nossas resid\u00eancias, nos locais de trabalho, no nosso laser, em nosso dia a dia; sempre. Assim:<\/p>\n\n\n\n<ul><li>A qualidade do projeto<\/li><li>A execu\u00e7\u00e3o das instala\u00e7\u00f5es<\/li><li>A seletividade das prote\u00e7\u00f5es<\/li><li>As inspe\u00e7\u00f5es peri\u00f3dicas<\/li><li>&nbsp;A manuten\u00e7\u00e3o preventiva<\/li><li>&nbsp;In\u00fameros os itens, cada um, com sua devida import\u00e2ncia no contexto de seguran\u00e7a<\/li><\/ul>\n\n\n\n<p>Nesse t\u00f3pico vamos tratar da confiabilidade do sistema, da seguran\u00e7a na continuidade do fornecimento de energia, de acordo com as nossas necessidades.<\/p>\n\n\n\n<p><strong>A energia<\/strong> que chega em nossas edifica\u00e7\u00f5es, fornecida pelas concession\u00e1rias de energia el\u00e9trica, <strong>est\u00e1 sujeita a oscila\u00e7\u00f5es, sobretens\u00f5es e interrup\u00e7\u00f5es<\/strong>; que podem durar horas ou mesmo dias, dependendo do sinistro que vier ocorrer e o tempo de reparo.<\/p>\n\n\n\n<p>Dependendo do tipo de atividade \u00e9 necess\u00e1rio, al\u00e9m <strong>dos DPS<\/strong> (dispositivos de prote\u00e7\u00e3o contra surto de tens\u00e3o), <strong>estabilizadores de tens\u00e3o ou No-breaks<\/strong> (que s\u00e3o estabilizadores com banco de baterias) para garantir o fornecimento da energia sem interrup\u00e7\u00e3o.&nbsp; As interrup\u00e7\u00f5es podem causar corrup\u00e7\u00e3o de arquivos nos computadores, interrup\u00e7\u00e3o de envios e recebimentos de dados, danos irrepar\u00e1veis a pacientes que dependem de equipamentos el\u00e9tricos, notadamente em hospitais, cl\u00ednicas etc. em resid\u00eancias a interrup\u00e7\u00e3o no fornecimento de energia, tamb\u00e9m pode causar transtornos.<\/p>\n\n\n\n<p>Como o tempo de interrup\u00e7\u00e3o no fornecimento de energia pode ser demorado \u00e9 necess\u00e1rio, dependendo da atividade, projetar fonte alternativa de energia, como<strong> Grupo motor gerador.<\/strong><\/p>\n\n\n\n<p>Outro dispositivo importante \u00e9 a instala\u00e7\u00e3o de <strong>transformador de isola\u00e7\u00e3o<\/strong>, para evitar choques el\u00e9tricos em rela\u00e7\u00e3o ao solo. Na \u00e1rea hospitalar s\u00e3o os chamados it\u2019s m\u00e9dicos, que s\u00e3o imprescind\u00edveis.&nbsp;<\/p>\n","protected":false},"excerpt":{"rendered":"<p>Seguran\u00e7a el\u00e9trica \u00e9 tudo que nos garante que a energia el\u00e9trica, que \u00e9 um insumo t\u00e3o importante em nossas vidas, esteja sempre dispon\u00edvel; em nossas resid\u00eancias, nos locais de trabalho, no nosso laser, em nosso dia a dia; sempre. Assim: A qualidade do projeto A execu\u00e7\u00e3o das instala\u00e7\u00f5es A seletividade das prote\u00e7\u00f5es As inspe\u00e7\u00f5es peri\u00f3dicas [&hellip;]<\/p>\n","protected":false},"author":2,"featured_media":1511,"parent":0,"menu_order":0,"comment_status":"closed","ping_status":"closed","template":"","meta":[],"_links":{"self":[{"href":"https:\/\/predimais.com.br\/index.php\/wp-json\/wp\/v2\/pages\/1456"}],"collection":[{"href":"https:\/\/predimais.com.br\/index.php\/wp-json\/wp\/v2\/pages"}],"about":[{"href":"https:\/\/predimais.com.br\/index.php\/wp-json\/wp\/v2\/types\/page"}],"author":[{"embeddable":true,"href":"https:\/\/predimais.com.br\/index.php\/wp-json\/wp\/v2\/users\/2"}],"replies":[{"embeddable":true,"href":"https:\/\/predimais.com.br\/index.php\/wp-json\/wp\/v2\/comments?post=1456"}],"version-history":[{"count":3,"href":"https:\/\/predimais.com.br\/index.php\/wp-json\/wp\/v2\/pages\/1456\/revisions"}],"predecessor-version":[{"id":1514,"href":"https:\/\/predimais.com.br\/index.php\/wp-json\/wp\/v2\/pages\/1456\/revisions\/1514"}],"wp:featuredmedia":[{"embeddable":true,"href":"https:\/\/predimais.com.br\/index.php\/wp-json\/wp\/v2\/media\/1511"}],"wp:attachment":[{"href":"https:\/\/predimais.com.br\/index.php\/wp-json\/wp\/v2\/media?parent=1456"}],"curies":[{"name":"wp","href":"https:\/\/api.w.org\/{rel}","templated":true}]}}