{"id":1328,"date":"2021-02-12T12:54:50","date_gmt":"2021-02-12T12:54:50","guid":{"rendered":"http:\/\/predimais.com.br\/?page_id=1328"},"modified":"2023-08-23T19:37:01","modified_gmt":"2023-08-23T19:37:01","slug":"protecao-descargas-atmosfericas-choques-eletricos","status":"publish","type":"page","link":"https:\/\/predimais.com.br\/index.php\/protecao-descargas-atmosfericas-choques-eletricos","title":{"rendered":"Prote\u00e7\u00e3o contra Descargas Atmosf\u00e9ricas"},"content":{"rendered":"<p><a href=\"http:\/\/predimais.com.br\/wp-content\/uploads\/Descargas-atmosf\u00e9ricas-1.jpg\"><img loading=\"lazy\" class=\"alignleft  wp-image-1268\" src=\"http:\/\/predimais.com.br\/wp-content\/uploads\/Descargas-atmosf\u00e9ricas-1-212x300.jpg\" alt=\"Descargas atmosf\u00e9ricas (1)\" width=\"440\" height=\"623\" srcset=\"https:\/\/predimais.com.br\/wp-content\/uploads\/Descargas-atmosf\u00e9ricas-1-212x300.jpg 212w, https:\/\/predimais.com.br\/wp-content\/uploads\/Descargas-atmosf\u00e9ricas-1-723x1024.jpg 723w, https:\/\/predimais.com.br\/wp-content\/uploads\/Descargas-atmosf\u00e9ricas-1-678x960.jpg 678w, https:\/\/predimais.com.br\/wp-content\/uploads\/Descargas-atmosf\u00e9ricas-1.jpg 1587w\" sizes=\"(max-width: 440px) 100vw, 440px\" \/><\/a>A prote\u00e7\u00e3o contra choques el\u00e9tricos \u00e9 feita por DR&#8217;s (Rel\u00e9 Diferencial) instalados nos circuitos el\u00e9tricos. S\u00e3o dispositivos que desligam a energia do circuito quando h\u00e1 diferen\u00e7a entre os valores da corrente entre os condutores do circuito, evitando as\u00a0 graves consequ\u00eancias do choque el\u00e9trico.<\/p>\n<p>Para evitar o surto de tens\u00e3o nos cabos provenientes da rede externa \u00e9 necess\u00e1rio os DPS&#8217;s no ponto em que a rede entra na edifica\u00e7\u00e3o. Devem ser ligados diretamente ao BEP (Barramento de EquiPotencializa\u00e7\u00e3o) com cabos individuais #16m\u00b2. O condutor neutro deve ser aterrado diretamente no BEP.<\/p>\n<p>Os cabos de telecomunica\u00e7\u00f5es tamb\u00e9m est\u00e3o sujeitos a sobretens\u00e3o e devem ser protegidos tamb\u00e9m. Para que os DPS&#8217;s funcionem corretamente \u00e9 necess\u00e1rio que o aterramento esteja corretamente instalado e revisado, com uma resist\u00eancia m\u00e1xima de 5\u03a9 em rela\u00e7\u00e3o ao solo.<\/p>\n<p>Para as edifica\u00e7\u00f5es de uso coletivo, \u00e9 obrigat\u00f3ria a instala\u00e7\u00e3o de SPDA (Sistema de Prote\u00e7\u00e3o contra Descargas Atmosf\u00e9ricas) tipo Gaiola de Faraday para prote\u00e7\u00e3o contra incid\u00eancia de descargas sobre a edifica\u00e7\u00e3o, independente de estar pr\u00f3xima \u00e0 edifica\u00e7\u00f5es mais altas.<\/p>\n<p>A descarga atmosf\u00e9rica desloca por t\u00fanel de ar ionizado, podendo atingir qualquer ponto do solo; uma vez que esses t\u00faneis se formam aleatoriamente em raz\u00e3o de concentra\u00e7\u00e3o maiores ou menores de part\u00edculas condutoras suspensas na atmosfera.<\/p>\n","protected":false},"excerpt":{"rendered":"<p>A prote\u00e7\u00e3o contra choques el\u00e9tricos \u00e9 feita por DR&#8217;s (Rel\u00e9 Diferencial) instalados nos circuitos el\u00e9tricos. S\u00e3o dispositivos que desligam a energia do circuito quando h\u00e1 diferen\u00e7a entre os valores da corrente entre os condutores do circuito, evitando as\u00a0 graves consequ\u00eancias do choque el\u00e9trico. Para evitar o surto de tens\u00e3o nos cabos provenientes da rede externa [&hellip;]<\/p>\n","protected":false},"author":2,"featured_media":0,"parent":0,"menu_order":0,"comment_status":"closed","ping_status":"open","template":"","meta":[],"_links":{"self":[{"href":"https:\/\/predimais.com.br\/index.php\/wp-json\/wp\/v2\/pages\/1328"}],"collection":[{"href":"https:\/\/predimais.com.br\/index.php\/wp-json\/wp\/v2\/pages"}],"about":[{"href":"https:\/\/predimais.com.br\/index.php\/wp-json\/wp\/v2\/types\/page"}],"author":[{"embeddable":true,"href":"https:\/\/predimais.com.br\/index.php\/wp-json\/wp\/v2\/users\/2"}],"replies":[{"embeddable":true,"href":"https:\/\/predimais.com.br\/index.php\/wp-json\/wp\/v2\/comments?post=1328"}],"version-history":[{"count":8,"href":"https:\/\/predimais.com.br\/index.php\/wp-json\/wp\/v2\/pages\/1328\/revisions"}],"predecessor-version":[{"id":1491,"href":"https:\/\/predimais.com.br\/index.php\/wp-json\/wp\/v2\/pages\/1328\/revisions\/1491"}],"wp:attachment":[{"href":"https:\/\/predimais.com.br\/index.php\/wp-json\/wp\/v2\/media?parent=1328"}],"curies":[{"name":"wp","href":"https:\/\/api.w.org\/{rel}","templated":true}]}}