{"id":1313,"date":"2021-02-05T12:24:13","date_gmt":"2021-02-05T12:24:13","guid":{"rendered":"http:\/\/predimais.com.br\/?page_id=1313"},"modified":"2023-09-15T17:40:14","modified_gmt":"2023-09-15T17:40:14","slug":"projetos-eletricos","status":"publish","type":"page","link":"https:\/\/predimais.com.br\/index.php\/projetos-eletricos","title":{"rendered":"Projetos el\u00e9tricos"},"content":{"rendered":"<p>No seguimento da constru\u00e7\u00e3o civil, residencial e comercial, os projetos el\u00e9tricos fazem parte dos projetos complementares de instala\u00e7\u00f5es.<\/p>\n<p>Rela\u00e7\u00e3o dos principais projetos complementares da \u00e1rea el\u00e9trica:<\/p>\n<ul>\n<li>Padr\u00e3o de entrada de energia, que pode ser uma subesta\u00e7\u00e3o de m\u00e9dia tens\u00e3o.<\/li>\n<li>Um padr\u00e3o individual em baixa tens\u00e3o, um padr\u00e3o coletivo com v\u00e1rias medi\u00e7\u00f5es etc.<\/li>\n<li>Distribui\u00e7\u00e3o interna de energia, com energia el\u00e9trica convencional, energia proveniente de grupo gerador, energia proveniente de no break (ininterrupta), energia com it (transformador de isola\u00e7\u00e3o) etc.<\/li>\n<\/ul>\n<p>Projetos dedicados para ilumina\u00e7\u00e3o, tomadas de uso geral, tomadas de uso espec\u00edfico etc.<\/p>\n<ul>\n<li>Prote\u00e7\u00e3o contra descargas atmosf\u00e9ricas e aterramento.<\/li>\n<li>Rede interna de telecomunica\u00e7\u00f5es \u2013 cabeamento estruturado.<\/li>\n<li>Circuito fechado de televis\u00e3o \u2013 CFTV.<\/li>\n<li>Sistema de alarme para finalidades diversas.<\/li>\n<li>Sistema de som para finalidade diversas.<\/li>\n<li>Ilumina\u00e7\u00e3o p\u00fablica. Em ruas, pra\u00e7as e jardins.<\/li>\n<li>Redes de distribui\u00e7\u00e3o de energia.<\/li>\n<\/ul>\n<p>A Pedimais executa projetos el\u00e9tricos e fiscaliza obras de instala\u00e7\u00f5es el\u00e9tricas em geral, buscando sempre a praticidade, economia e seguran\u00e7a; cumprindo os requisitos das normas t\u00e9cnicas pertinentes.<\/p>\n","protected":false},"excerpt":{"rendered":"<p>No seguimento da constru\u00e7\u00e3o civil, residencial e comercial, os projetos el\u00e9tricos fazem parte dos projetos complementares de instala\u00e7\u00f5es. Rela\u00e7\u00e3o dos principais projetos complementares da \u00e1rea el\u00e9trica: Padr\u00e3o de entrada de energia, que pode ser uma subesta\u00e7\u00e3o de m\u00e9dia tens\u00e3o. Um padr\u00e3o individual em baixa tens\u00e3o, um padr\u00e3o coletivo com v\u00e1rias medi\u00e7\u00f5es etc. Distribui\u00e7\u00e3o interna de [&hellip;]<\/p>\n","protected":false},"author":2,"featured_media":1515,"parent":0,"menu_order":0,"comment_status":"closed","ping_status":"open","template":"","meta":[],"_links":{"self":[{"href":"https:\/\/predimais.com.br\/index.php\/wp-json\/wp\/v2\/pages\/1313"}],"collection":[{"href":"https:\/\/predimais.com.br\/index.php\/wp-json\/wp\/v2\/pages"}],"about":[{"href":"https:\/\/predimais.com.br\/index.php\/wp-json\/wp\/v2\/types\/page"}],"author":[{"embeddable":true,"href":"https:\/\/predimais.com.br\/index.php\/wp-json\/wp\/v2\/users\/2"}],"replies":[{"embeddable":true,"href":"https:\/\/predimais.com.br\/index.php\/wp-json\/wp\/v2\/comments?post=1313"}],"version-history":[{"count":7,"href":"https:\/\/predimais.com.br\/index.php\/wp-json\/wp\/v2\/pages\/1313\/revisions"}],"predecessor-version":[{"id":1496,"href":"https:\/\/predimais.com.br\/index.php\/wp-json\/wp\/v2\/pages\/1313\/revisions\/1496"}],"wp:featuredmedia":[{"embeddable":true,"href":"https:\/\/predimais.com.br\/index.php\/wp-json\/wp\/v2\/media\/1515"}],"wp:attachment":[{"href":"https:\/\/predimais.com.br\/index.php\/wp-json\/wp\/v2\/media?parent=1313"}],"curies":[{"name":"wp","href":"https:\/\/api.w.org\/{rel}","templated":true}]}}