{"id":1283,"date":"2021-02-04T13:28:41","date_gmt":"2021-02-04T13:28:41","guid":{"rendered":"http:\/\/predimais.com.br\/?page_id=1283"},"modified":"2023-09-15T18:03:32","modified_gmt":"2023-09-15T18:03:32","slug":"inspecao-instalacoes-correcoes-emissao-prontuario-pie","status":"publish","type":"page","link":"https:\/\/predimais.com.br\/index.php\/inspecao-instalacoes-correcoes-emissao-prontuario-pie","title":{"rendered":"Inspe\u00e7\u00e3o das Instala\u00e7\u00f5es, Corre\u00e7\u00f5es e Emiss\u00e3o do Prontu\u00e1rio PIE"},"content":{"rendered":"\n<p>O Prontu\u00e1rio das Instala\u00e7\u00f5es El\u00e9tricas (PIE) \u00e9 um requisito estabelecido pela <strong>Norma Regulamentadora n\u00ba 10 (NR-10) do Minist\u00e9rio do Trabalho<\/strong> e Emprego do Brasil. A NR-10 trata da seguran\u00e7a em instala\u00e7\u00f5es e servi\u00e7os de eletricidade e tem como objetivo principal garantir a seguran\u00e7a e a sa\u00fade dos trabalhadores que interagem direta ou indiretamente com eletricidade. <strong>O PIE \u00e9 um conjunto de documentos, informa\u00e7\u00f5es t\u00e9cnicas e administrativas relacionadas \u00e0s instala\u00e7\u00f5es el\u00e9tricas e aos trabalhadores envolvidos.<\/strong> Ele deve ser organizado e manter a atualiza\u00e7\u00e3o pelo empregador ou pessoa formalmente designada pela empresa, ficando dispon\u00edvel para consulta dos trabalhadores envolvidos nas instala\u00e7\u00f5es el\u00e9tricas e para os \u00f3rg\u00e3os fiscalizadores.<\/p>\n\n\n\n<p>O Prontu\u00e1rio das Instala\u00e7\u00f5es El\u00e9tricos (PIE) <strong>\u00e9 obrigat\u00f3rio para todas empresas que possuem carga igual ou superior \u00e0 75 kW<\/strong>, item 10.2.4 e deve ser elaborado e mantido por um profissional habilitado, item 10.2.7.<\/p>\n\n\n\n<p><strong>Seus principais componentes s\u00e3o:<\/strong><\/p>\n\n\n\n<ul><li><strong>Diagramas el\u00e9tricos<\/strong>: Representa\u00e7\u00f5es gr\u00e1ficas que mostram a estrutura e a interliga\u00e7\u00e3o dos componentes da instala\u00e7\u00e3o el\u00e9trica.<\/li><li><strong>Especifica\u00e7\u00e3o dos equipamentos e dispositivos<\/strong>: Detalhamento das caracter\u00edsticas t\u00e9cnicas, limites operacionais e recomenda\u00e7\u00f5es dos fabricantes dos componentes da instala\u00e7\u00e3o.<\/li><li><strong>Documenta\u00e7\u00e3o das inspe\u00e7\u00f5es e interven\u00e7\u00f5es<\/strong>: Relat\u00f3rios e registros que documentam todas as inspe\u00e7\u00f5es, manuten\u00e7\u00f5es, modifica\u00e7\u00f5es e interven\u00e7\u00f5es realizadas nas instala\u00e7\u00f5es el\u00e9tricas.<\/li><li><strong>Procedimentos de trabalho<\/strong>: Descri\u00e7\u00e3o detalhada de todas as etapas, t\u00e9cnicas e precau\u00e7\u00f5es permitidas para a realiza\u00e7\u00e3o de trabalhos seguros nas instala\u00e7\u00f5es el\u00e9tricas.<\/li><li><strong>Resultados dos ensaios e conclus\u00e3o<\/strong>: Registros dos testes realizados nos dispositivos e equipamentos da instala\u00e7\u00e3o, para garantir que estejam em perfeito estado de funcionamento e dentro das especifica\u00e7\u00f5es t\u00e9cnicas.<\/li><li><strong>Certifica\u00e7\u00f5es dos profissionais<\/strong>: Documentos que comprovam a capacita\u00e7\u00e3o, treinamento e treinamento dos profissionais envolvidos com a instala\u00e7\u00e3o el\u00e9trica.<\/li><li><strong>An\u00e1lise de riscos<\/strong>: Estudos e documentos que avaliam os riscos associados \u00e0s instala\u00e7\u00f5es e \u00e0s atividades realizadas nelas.<\/li><li><strong>Especifica\u00e7\u00e3o das medidas de prote\u00e7\u00e3o coletiva e individual<\/strong>: Descri\u00e7\u00e3o dos dispositivos de seguran\u00e7a e dos equipamentos de prote\u00e7\u00e3o individual (EPIs) e coletiva (EPCs) que devem ser usados \u200b\u200bdurante os trabalhos na instala\u00e7\u00e3o.<\/li><li><strong>Rela\u00e7\u00e3o de todos os trabalhadores<\/strong>: Uma lista atualizada de todos os profissionais que t\u00eam permiss\u00e3o para trabalhar nas instala\u00e7\u00f5es el\u00e9tricas, com seus respectivos treinamentos e qualifica\u00e7\u00f5es.<\/li><\/ul>\n\n\n\n<p>\u00c9 importante reiterar que o PIE deve ser atualizado e disponibilizado para consulta tanto pelos trabalhadores envolvidos nas atividades el\u00e9tricas quanto pelos \u00f3rg\u00e3os fiscalizadores. Tamb\u00e9m deve ser revisado sempre que haja altera\u00e7\u00f5es significativas nas instala\u00e7\u00f5es ou, no m\u00ednimo, a cada 5 anos.<\/p>\n","protected":false},"excerpt":{"rendered":"<p>O Prontu\u00e1rio das Instala\u00e7\u00f5es El\u00e9tricas (PIE) \u00e9 um requisito estabelecido pela Norma Regulamentadora n\u00ba 10 (NR-10) do Minist\u00e9rio do Trabalho e Emprego do Brasil. A NR-10 trata da seguran\u00e7a em instala\u00e7\u00f5es e servi\u00e7os de eletricidade e tem como objetivo principal garantir a seguran\u00e7a e a sa\u00fade dos trabalhadores que interagem direta ou indiretamente com eletricidade. [&hellip;]<\/p>\n","protected":false},"author":2,"featured_media":1519,"parent":0,"menu_order":0,"comment_status":"closed","ping_status":"open","template":"","meta":[],"_links":{"self":[{"href":"https:\/\/predimais.com.br\/index.php\/wp-json\/wp\/v2\/pages\/1283"}],"collection":[{"href":"https:\/\/predimais.com.br\/index.php\/wp-json\/wp\/v2\/pages"}],"about":[{"href":"https:\/\/predimais.com.br\/index.php\/wp-json\/wp\/v2\/types\/page"}],"author":[{"embeddable":true,"href":"https:\/\/predimais.com.br\/index.php\/wp-json\/wp\/v2\/users\/2"}],"replies":[{"embeddable":true,"href":"https:\/\/predimais.com.br\/index.php\/wp-json\/wp\/v2\/comments?post=1283"}],"version-history":[{"count":8,"href":"https:\/\/predimais.com.br\/index.php\/wp-json\/wp\/v2\/pages\/1283\/revisions"}],"predecessor-version":[{"id":1518,"href":"https:\/\/predimais.com.br\/index.php\/wp-json\/wp\/v2\/pages\/1283\/revisions\/1518"}],"wp:featuredmedia":[{"embeddable":true,"href":"https:\/\/predimais.com.br\/index.php\/wp-json\/wp\/v2\/media\/1519"}],"wp:attachment":[{"href":"https:\/\/predimais.com.br\/index.php\/wp-json\/wp\/v2\/media?parent=1283"}],"curies":[{"name":"wp","href":"https:\/\/api.w.org\/{rel}","templated":true}]}}